). Let w = 4 - -27. Let o = w + b. Calculate the remainder when 113 is divided by o.
26
Let g(j) = 3*j**2 + 267*j - 2204. Calculate the remainder when 11654 is divided by g(8).
122
Let t = 3230 + -3175. What is the remainder when 163 is divided by t?
53
Suppose 5820 = 142*x + 1986. Let u = 162 + -28. What is the remainder when u is divided by x?
26
Suppose 8*d - 116 + 20 = 0. Suppose 0 = 4*l + d, -17*p + 13*p - l + 229 = 0. Let a = -3 + 13. What is the remainder when p is divided by a?
8
Let z(m) = 478*m + 2080. Calculate the remainder when 1186 is divided by z(-4).
10
Let t be 3*8/6 - (-2)/(-2). Suppose -p = -5*l + 129, t*l = -0*l + 2*p + 83. Calculate the remainder when 64 is divided by l.
14
Let u(z) = -12*z**2 + 110*z + 16. Calculate the remainder when u(9) is divided by 7/((10/(-8))/(-5)).
6
Let y(f) = 8*f - 64. Let p be y(-17). Let r = -179 - p. Calculate the remainder when 207 is divided by r.
18
Let x be (1*(-1)/4)/((-32)/640). Suppose -46 = x*o - 2*a - 866, 0 = -o + 2*a + 156. Let d = -53 + o. Calculate the remainder when d is divided by 29.
26
Let g = 2277 - 2218. Suppose -45 = -j - 2*j. Suppose g = j*c - 196. What is the remainder when 65 is divided by c?
14
Let p = -333 - -553. Suppose -55 = -k + 4*a, -4*k + 7*k - p = a. What is the remainder when k is divided by 39?
36
Suppose -4*k + 105 = 69. Let y be (-2 - -6 - 38)*2. Let d = y - -101. What is the remainder when d is divided by k?
6
Suppose 68*m - 183609 = 189439. Calculate the remainder when m is divided by 110.
96
Let a(r) = -r**2 - 104*r + 2742. Calculate the remainder when a(21) is divided by 75.
42
Let b be ((-3025)/(-2))/(-11)*2. Let x = b - -297. Calculate the remainder when 217 is divided by x.
19
Suppose 2*u = 3*i + 393, 14*u - 7*u - i = 1423. Let w = u - 109. Calculate the remainder when w is divided by 25.
20
Suppose -13*n - n + 2072 = 0. Calculate the remainder when n is divided by 84.
64
Let d be 5/((-25)/(-115)) - 5. Calculate the remainder when 74 is divided by (26/12 - (-1)/(-6)) + d.
14
Suppose -2*j + 56 = 2*h - 44, -5*h = 2*j - 247. Let k(r) = -807*r + 25023. Calculate the remainder when h is divided by k(31).
1
Let i(u) = 14*u - 2. Let o be i(-1). Let d = -8 - o. Let w = -34 - -77. What is the remainder when w is divided by d?
3
Suppose 3*i + 3*x = 2*x + 3314, x + 1 = 0. Calculate the remainder when i is divided by 41.
39
Let k be 145 + (1 - 1)/5. Suppose -13*b = -k - 50. Calculate the remainder when 118 is divided by b.
13
Suppose 5*q - 3*q - 10 = 0. Let n be (-1)/(-3 + (-56)/(-20)). Suppose 4*y + n*d = 28, 7*y - 2*d = 2*y + 68. Calculate the remainder when y is divided by q.
2
Suppose -210*b - 3*k - 25 = -212*b, 0 = 3*b + 4*k + 22. Calculate the remainder when 508 is divided by b.
0
Suppose 0 = -3*y + 16 + 47. Suppose q - y = 26. Let j = 66 - q. Calculate the remainder when 110 is divided by j.
15
Suppose 3*q = 30 + 36. Calculate the remainder when 36/297*3 + 19975/275 is divided by q.
7
Suppose -374 = -4*g + 2*g - 5*l, -2*l + 539 = 3*g. Suppose -28*x = -31*x - 12. What is the remainder when g is divided by -6*2/x*15?
42
Suppose -3*j + 5*j - 6 = 0, q - 17 = -j. Suppose 525 = 59*l - 52*l. Calculate the remainder when l is divided by q.
5
Let v(k) = k**2 - 20*k + 19. Let o be (8/(-12))/(4/(-114)). Let i be v(o). What is the remainder when 19 is divided by (0 + 5)*(i + 1)?
4
Let n be (-8)/((3 - 6) + 1) + 183. Let i = n - 171. Calculate the remainder when 42 is divided by i.
10
Suppose 5*u = 4*h + 74, 66 = 3*u + 2*h + h. Calculate the remainder when (-1611)/(-1253)*(-406)/(-6) is divided by u.
15
Let o be -142*8/(8/4). What is the remainder when o/(-6) + (-20)/12 + 1 is divided by 22?
6
Let z be 6/(-7)*(-91)/39 - 0. Suppose -6*g + 3*k + 177 = -2*g, -z*g = -2*k - 88. What is the remainder when 221 is divided by g?
41
Let z(r) = r**3 - 7*r**2 + 90*r - 225. What is the remainder when 1969 is divided by z(3)?
7
Suppose 0*k = 2*k - 16. Suppose 5*t = -15, -5*x + x + 3*t + 369 = 0. Suppose 0 = 9*z - 6*z - x. Calculate the remainder when z is divided by k.
6
Suppose 22*h - 3*x + 6 = 21*h, -h - 10 = -4*x. Calculate the remainder when 670 is divided by h.
4
Let t = 4415 + -4404. Calculate the remainder when 945 is divided by t.
10
Suppose 3*s - 6 = 0, -2*s - 2 = -m - 6*s. Let v(b) = 2*b**2 + 9*b. What is the remainder when v(m) is divided by 14?
4
Let t(x) = -x**2 + 158*x + 1397. Calculate the remainder when 745 is divided by t(165).
19
Let d = 2 - 2. Suppose 0 = -d*m - 2*m + 72. Let c = 54565 + -54542. Calculate the remainder when m is divided by c.
13
Let z(p) = -13*p - 1. Let h be (624/(-60) + 14)/((-2)/(-230)). Suppose -h = 2*k - 7*k + 3*x, -4*x = 12. What is the remainder when k is divided by z(-1)?
9
Suppose -14256 = -3*w - 3*t, -1024 = -2*w + 2*t + 8492. Calculate the remainder when w is divided by 238.
233
Suppose 2*d - 5*i = 89, -2*i + 5*i = 4*d - 171. Let c(p) = 5*p**2 - 38*p - 12. What is the remainder when d is divided by c(8)?
2
Suppose 5*n - 14 = 6. Suppose -n*h = -5*r - 248, 310 = -h + 6*h - 3*r. Calculate the remainder when 227 is divided by h.
41
Let t(s) = 2*s**3 + s - 2. Let f(h) = -h**2 + 10*h - 15. Let i = 74 - 66. Let r be f(i). What is the remainder when 1 is divided by t(r)?
0
Let v = -4 - -29. Suppose -70 = -5*f + v. Suppose 29 = 15*l - 136. What is the remainder when f is divided by l?
8
Let x = 28 - -2. Let m = x - 9. What is the remainder when m is divided by 2?
1
Let h(c) = c**3 + 20*c**2 - 23*c - 28. What is the remainder when (-2 - 8)/2*(-11 - -3) is divided by h(-21)?
12
Let p(m) be the second derivative of -m**3 + 0 + 2*m**2 - 1/20*m**5 + 3/4*m**4 + 17*m. What is the remainder when p(6) is divided by 40?
36
Let v be ((2 - 2) + 7)*110/(-77). Let m = v + 23. Calculate the remainder when 103 is divided by m.
12
Suppose 1776 = 2*p + 2*p. Suppose -f = 55 - p. Suppose f = 5*r - 351. Calculate the remainder when r is divided by 38.
34
Let k be 14*(-19 + 17 + (-2)/4). Let p = k - -40. Suppose 2*q + c - 31 = -0*c, c + 60 = p*q. Calculate the remainder when 36 is divided by q.
10
Let w(c) = -7*c + 27. Let k = 3078 + -2797. Calculate the remainder when k is divided by w(-10).
87
Suppose 4*d = 3*f + 268, -2*d = -7*d + 2*f + 328. Let h = -44 - -99. Let m = h + -22. Calculate the remainder when d is divided by m.
31
Let w = 4998 + -4919. Calculate the remainder when 1655 is divided by w.
75
Let h = 62 + -68. Let q be 42/(-9) + 2 + 2/h. Let l(a) = -2*a**3 - 6*a**2 - 12*a - 7. Calculate the remainder when 114 is divided by l(q).
27
Let k(u) = 7*u**3 + 99*u**2 + 14*u + 12. Calculate the remainder when k(-7) is divided by 148.
144
Suppose -40*g + 11648 = 168*g. Suppose 2*i + 2*a = -a + 43, -4*i + 5*a = -53. What is the remainder when g is divided by i?
5
Let d = 13556 - 13509. Calculate the remainder when 228 is divided by d.
40
Let p be 6/(-9)*(-10 + (1 - 0)). Suppose -p*h + 17 + 13 = 0. Suppose -h*q + 405 = -5*x, -2*q + 177 = -3*x + 4*x. What is the remainder when q is divided by 18?
14
Let n = -572 - -3892. Calculate the remainder when n is divided by 11.
9
Let l = -4412 - -4487. What is the remainder when 9223 is divided by l?
73
Let u be (32/6)/(-6*10/180). Suppose 3*j - 77 = -4*k, 4*k = j + 78 - 13. Calculate the remainder when u/12*66/(-4) is divided by k.
5
Suppose 0 = -16*c - 2294 + 2534. What is the remainder when 249 is divided by c?
9
Let u(x) = 4*x - 24. Let a be u(6). Suppose 3*n - 5*f = 36 - 0, a = 4*n - 3*f - 37. Calculate the remainder when 83 is divided by n.
6
Suppose -2*s + 4*k = 4, s - 4 = -0*k - k. Suppose -4*n = -2*n + w - 20, -s*n + 16 = 2*w. Calculate the remainder when 55 is divided by n.
7
Let z = -7461 - -7575. What is the remainder when 1254 is divided by z?
0
Let o(z) = 2*z**3 - z - 2. Let t = -23 - -22. Let s be o(t). Calculate the remainder when 9 is divided by s*(-4)/(-24)*-12.
3
Let o be -2*(-1 + -1 + -1). What is the remainder when ((-14)/o)/(3/(-63)) is divided by (-20320)/(-1200) + (-2)/(-30)?
15
Let a(t) = -7. Let o(n) = 11. Let d(l) = 8*a(l) + 5*o(l). Let h(v) = 58*v + 4. Let s(j) = -6*d(j) - h(j). What is the remainder when s(-2) is divided by 17?
16
Let k(y) = 6*y**2 - 8*y - 7. Suppose -5*h = -43*c + 1606, 212 = 2*c - 4*h + 126. What is the remainder when k(-6) is divided by c?
35
Let u be (-332)/6*39/26. Let k 